 43.
42
Suppose 0 = -2*z - 8, -3*d + 5*z + 20 + 96 = 0. Calculate the remainder when 72 is divided by d.
8
Suppose -306 = -7*o + 331. What is the remainder when o is divided by 44?
3
Suppose -5*l - 183 = -3*s, l - 143 = 5*l + s. Calculate the remainder when (-1 + 2 - 0)*(57 + l) is divided by 6.
3
Suppose -11*q = -59 - 84. Calculate the remainder when 505 is divided by q.
11
Let f(s) = -s**2 - 76*s + 140. Calculate the remainder when f(-74) is divided by 57.
3
Let i = -4447 + 4451. Suppose 2*z - 22 = -0*z. Suppose 3*b - 65 = m - 0*m, -b = 5*m - z. Calculate the remainder when b is divided by i.
1
Let w(y) = -3*y + 38. Calculate the remainder when 109 is divided by w(6).
9
Suppose 8*k + 0*k - 328 = 0. What is the remainder when 244 is divided by k?
39
Let u(i) = i**2 - 10*i + 20. Let z be u(6). Let s(r) = 6*r**2 + 7*r + 7. What is the remainder when s(z) is divided by 20?
15
Suppose 70*j = 68*j - 8. Suppose -4*h = 3 - 31. Calculate the remainder when h is divided by j/(-14) - (-24)/14.
1
Let s(d) be the first derivative of 9/2*d**4 + 2/3*d**3 + d + 7 - d**2. Calculate the remainder when s(1) is divided by 4.
3
Let g(h) be the first derivative of -h**3/3 + 6*h**2 + 4. Let m be g(12). Suppose m*u - 2*u + 4 = 0. What is the remainder when 7 is divided by u?
1
Let o be 3*((-5)/(-5) + 0). Let d(l) = 8*l - 19. Calculate the remainder when 21 is divided by d(o).
1
Let f(v) = -v**3 - v**2 + v - 2. Let a be f(0). Let i(k) = -k + 6. Let z be i(10). What is the remainder when (a - 0)/(z/10) is divided by 3?
2
Suppose -8*z + 10 = -14. Suppose -5*b = -15, -2*b - 42 = -z*j - 5*b. Let c(s) = 2*s - 5. Calculate the remainder when j is divided by c(4).
2
Let t = -265 + 326. What is the remainder when 76 is divided by t?
15
Let f = 767 - 761. Let n(w) = 2*w**2 + 10*w - 2. Let g(l) = l**2 + 3*l - 1. Let i(y) = 7*g(y) - 2*n(y). What is the remainder when i(-3) is divided by f?
3
What is the remainder when 45 is divided by (16/(-28) + 2)/(8/56)?
5
Let s(n) = -77*n + 1933. Let t = -15 - -25. Calculate the remainder when t is divided by s(25).
2
What is the remainder when ((-3828)/(-165))/(4/110) is divided by 32?
30
Let x = 126 + -87. Suppose -5*l = 4*l - 180. What is the remainder when x is divided by l?
19
Let a be -141 - (-3 + 5 + 1). Let t = 269 + a. Let j = -82 + t. Calculate the remainder when j is divided by 15.
13
Suppose 1 = 19*t - 18*t. Let p(v) = 50*v - 1. Suppose -l - 3*h = 3*l - 59, -5*h - 15 = 0. What is the remainder when p(t) is divided by l?
15
Suppose 0 = 2*j + 5*b - 3, 0 = -3*j + 3*b - 41 + 98. Suppose 5*c + 0 = -3*i - 2, 14 = i - 2*c. What is the remainder when 198/(-24)*(-40)/i is divided by j?
13
Suppose 0 = -5*h - 2*u - 0*u - 932, 4*h + 2*u + 746 = 0. Let s be 3/(-1)*h/9. Suppose 0 = -3*l + l + s. What is the remainder when l is divided by 8?
7
Suppose 3*u - 23 = -o - 6, 5*u = 5*o - 45. What is the remainder when 38 is divided by o?
5
Let z be 3 + (1/(1 + 0))/1. Calculate the remainder when 55 is divided by z/24*9 + (-21)/(-2).
7
Let s(z) = -z**2 - 5*z + 16. Calculate the remainder when 492 is divided by s(0).
12
Let r = 204 + -22. Suppose v = -12*v + r. What is the remainder when (50/8)/(2/8) is divided by v?
11
Suppose -5*d = -4*u - 145, 5*u + 17 = 3*d - 70. Let x = -14 + d. What is the remainder when -10*x/12*-2 is divided by 7?
4
Let r be (8/12)/((-2)/(-351)). Suppose r = 2*o + 7*o. What is the remainder when 37 is divided by o?
11
Suppose 46*s - 3048 = 402. Calculate the remainder when 119 is divided by s.
44
What is the remainder when 25152/18 + 35/21 is divided by 100?
99
Let i be (-1)/((-21)/(-5) + -4). Let h(x) = -5*x + 6. Calculate the remainder when 148 is divided by h(i).
24
Suppose 4*v = 4*f, 24 = 4*v + 4. Suppose 170 = f*q + 5*j, q - j = -3*q + 116. Calculate the remainder when 148 is divided by q.
28
Suppose 10*f - 15*f + 260 = 0. Suppose -3*i - 44 = -7*i. What is the remainder when f is divided by i?
8
Suppose i = 11 + 17. Suppose 0 = 2*j - 0 - i. Suppose 4*v - 267 = -103. Calculate the remainder when v is divided by j.
13
Suppose -307 = -6*r - 43. Calculate the remainder when r - ((-12)/4 - -3) is divided by 16.
12
Suppose -2*x + d + 164 = 0, 6*x - 3*d = 8*x - 172. Let f = -60 + x. What is the remainder when 89 is divided by f?
20
Suppose 38 = -t + 5. Calculate the remainder when 42 is divided by 6/14 + t/(-21) - -15.
8
Let m(v) = v**3 + v**2 + v + 2. What is the remainder when 12 + ((-112)/336)/((-1)/(-21)) is divided by m(0)?
1
Calculate the remainder when 18 is divided by -1 + -1 + 21/(-15)*-5.
3
Let z(m) = 2*m**3 + 3*m**2 - 5*m + 1. Let x be z(-4). Let l be -15*(48/32)/(18/28). Let a = l - x. Calculate the remainder when 66 is divided by a.
18
Suppose 7*p - 57 - 223 = 0. What is the remainder when 110 is divided by p?
30
Let j = -263 + 283. Calculate the remainder when 8*-1*58/(-8) is divided by j.
18
Let o = -205 - -226. What is the remainder when o is divided by (-2)/(-10) - 39/(-5)?
5
Let j(q) = -4*q**2 - 123*q + 1. Calculate the remainder when j(-30) is divided by 16.
11
Let f(a) = a**2 + 9*a + 29. What is the remainder when 236 is divided by f(6)?
117
Let f(z) = -z**3 + 3*z**2 + 7*z - 6. Let v(s) = s**2 + 8*s - 39. What is the remainder when v(6) is divided by f(4)?
3
Suppose -876 = -11*r - 326. What is the remainder when 88 is divided by r?
38
Let s(l) = -l**2 - l + 11. Let r be s(-5). Let m(d) = -2*d - 15. Let c be m(r). Suppose -39 + 15 = -c*n. What is the remainder when 29 is divided by n?
5
Let d = -7 + 11. Suppose -5*c + 25 = d*g, -2*c - 2*c = 5*g - 11. Let y = -124 - -157. Calculate the remainder when y is divided by c.
6
Suppose -8*s - s + 45 = 0. Calculate the remainder when 36 + s + (4 - 6) is divided by 21.
18
Let x(o) = -o**3 + 7*o + 4. Let d = 0 - 3. Let s be x(d). Let c(t) = -t**3 + 11*t**2 + 2*t - 11. What is the remainder when c(s) is divided by 37?
35
Let k(s) = s**3 - 21*s**2 + 32*s - 185. Calculate the remainder when 274 is divided by k(20).
54
Let q = -6 + 11. Let g(p) = -p**2 + 11*p - 4. Suppose 590 = 15*a - 940. Calculate the remainder when a is divided by g(q).
24
Let i be 0/(-1 - (-8 - -5)). Suppose i*c + c = -5*m + 92, 85 = 4*m - 3*c. Calculate the remainder when 56 is divided by m.
18
Let k be (24/(-45))/4 + (-3610)/(-75). Suppose -9*d + k = -6*d. What is the remainder when 125 is divided by d?
13
Suppose -3*k = 5*l - 367, 2*l = -5*k + 125 + 18. What is the remainder when 216 is divided by l?
68
Suppose 2*n + 3*h = -0*n + 115, 56 = n + 3*h. Let y = 22 - 1. Calculate the remainder when n is divided by y.
17
Suppose -i - 2*i = 1548. What is the remainder when (2/(-4))/(6/i) is divided by 23?
20
Let a be 3/(1 + (-20)/22). Let c = -20 + a. Suppose f + 21*f - 154 = 0. What is the remainder when c is divided by f?
6
Suppose -10 = -3*f - x, x = 5*f - 1 - 29. Suppose -7 = -f*u + 68. Suppose 18*l = 20*l - 12. What is the remainder when u is divided by l?
3
Suppose 0 = k - 3*k + 8. Suppose -k*f + s = -45, -4*s = 2*f - 4*f + 26. Suppose 5*x - 14 = f. What is the remainder when 8 is divided by x?
3
Calculate the remainder when 32 is divided by (-2)/(-4)*28 + 3.
15
Let q(y) = -y + 4. Let p(x) = 5*x - 20. Let g = -26 - -33. What is the remainder when p(g) is divided by q(0)?
3
Let b be (-1)/(-4)*(4 + 16). Let f = b - -9. What is the remainder when (-1 - 3*-1) + 37 is divided by f?
11
Let h(d) = d**2 + 9*d + 5. Let y be h(-9). Calculate the remainder when 25 is divided by 12 + (y - (-2 + 6)).
12
Suppose -3*s + 825 = u, -4*u + 3*s = -8*u + 3264. Let o be (-6)/(-39) + u/39. What is the remainder when (12/4)/(9/o) is divided by 5?
2
Let p(b) = 396*b**2 - 7*b - 9. Calculate the remainder when p(-1) is divided by 66.
64
Let b = -18 - -40. Let i = 101 - b. What is the remainder when i is divided by 27?
25
Let p(a) = -3*a**3 + 2*a**2 + 20*a + 37. Suppose -5*c + c = -104. Calculate the remainder when p(-3) is divided by c.
24
Let i(z) = 2*z**2 - 3*z + 2. Let j be i(3). Suppose -j*l = -7*l - 44. What is the remainder when 40 is divided by l?
7
Suppose 5*p - 7*p + 640 = 4*b, 0 = 4*b - 3*p - 630. Calculate the remainder when b is divided by 6.
3
Let d(n) = -n**2 + 5*n - 22 - 5*n + 11*n. What is the remainder when 23 is divided by d(7)?
5
Let w(k) = 80*k - 24. What is the remainder when w(5) is divided by 14?
12
L